{"id":1972,"date":"2023-06-09T22:51:11","date_gmt":"2023-06-09T22:51:11","guid":{"rendered":"https:\/\/www.galeriamuy.org\/tienda\/?post_type=product&#038;p=1972"},"modified":"2024-07-22T21:08:35","modified_gmt":"2024-07-22T21:08:35","slug":"susurro-de-la-vida","status":"publish","type":"product","link":"https:\/\/www.galeriamuy.org\/tienda\/producto\/susurro-de-la-vida\/","title":{"rendered":"Susurro de la vida | PH Joel"},"content":{"rendered":"<p>PH Joel, artista maya\/tseltal, naci\u00f3 en Ocosingo, Chiapas, M\u00e9xico en 1992. PH Joel o \u201cEl Fauno\u201d pintor e intelectual audaz, con consciencia ecol\u00f3gica-ambiental profunda, de libre exploraci\u00f3n de los significados personales y culturales de la vida de las ca\u00f1adas y la selva.\u00a0<a href=\"https:\/\/www.galeriamuy.org\/artistas\/ph-joel\/\" target=\"_blank\" rel=\"noopener\">Ver m\u00e1s.<\/a><\/p>\n","protected":false},"excerpt":{"rendered":"<div class=\"woocommerce-product-details__short-description\">\n<p>\u00d3leo sobre tela<br \/>\n50 x 50 cm<br \/>\n2015<\/p>\n<\/div>\n","protected":false},"featured_media":1973,"template":"","meta":[],"product_brand":[],"product_cat":[31],"product_tag":[75],"class_list":{"0":"post-1972","1":"product","2":"type-product","3":"status-publish","4":"has-post-thumbnail","6":"product_cat-pinturas","7":"product_tag-phjoel","8":"product_shipping_class-treskilo","10":"first","11":"instock","12":"sold-individually","13":"taxable","14":"shipping-taxable","15":"product-type-simple"},"jetpack_sharing_enabled":true,"_links":{"self":[{"href":"https:\/\/www.galeriamuy.org\/tienda\/wp-json\/wp\/v2\/product\/1972","targetHints":{"allow":["GET"]}}],"collection":[{"href":"https:\/\/www.galeriamuy.org\/tienda\/wp-json\/wp\/v2\/product"}],"about":[{"href":"https:\/\/www.galeriamuy.org\/tienda\/wp-json\/wp\/v2\/types\/product"}],"version-history":[{"count":1,"href":"https:\/\/www.galeriamuy.org\/tienda\/wp-json\/wp\/v2\/product\/1972\/revisions"}],"predecessor-version":[{"id":4692,"href":"https:\/\/www.galeriamuy.org\/tienda\/wp-json\/wp\/v2\/product\/1972\/revisions\/4692"}],"wp:featuredmedia":[{"embeddable":true,"href":"https:\/\/www.galeriamuy.org\/tienda\/wp-json\/wp\/v2\/media\/1973"}],"wp:attachment":[{"href":"https:\/\/www.galeriamuy.org\/tienda\/wp-json\/wp\/v2\/media?parent=1972"}],"wp:term":[{"taxonomy":"product_brand","embeddable":true,"href":"https:\/\/www.galeriamuy.org\/tienda\/wp-json\/wp\/v2\/product_brand?post=1972"},{"taxonomy":"product_cat","embeddable":true,"href":"https:\/\/www.galeriamuy.org\/tienda\/wp-json\/wp\/v2\/product_cat?post=1972"},{"taxonomy":"product_tag","embeddable":true,"href":"https:\/\/www.galeriamuy.org\/tienda\/wp-json\/wp\/v2\/product_tag?post=1972"}],"curies":[{"name":"wp","href":"https:\/\/api.w.org\/{rel}","templated":true}]}}