{"id":3518,"date":"2023-10-13T04:37:40","date_gmt":"2023-10-13T04:37:40","guid":{"rendered":"https:\/\/www.galeriamuy.org\/tienda\/?post_type=product&#038;p=3518"},"modified":"2024-01-20T16:41:40","modified_gmt":"2024-01-20T16:41:40","slug":"playera-ciervo-dygnojoch","status":"publish","type":"product","link":"https:\/\/www.galeriamuy.org\/tienda\/producto\/playera-ciervo-dygnojoch\/","title":{"rendered":"Playera Ciervo | Dyg&#8217;nojoch"},"content":{"rendered":"<p>Dyg\u2019nojoch, artista maya\/tsotsil, naci\u00f3 en Yabteclum, Chenalh\u00f3, Chiapas, M\u00e9xico en 1989. Muralista, artista urbano y graffitero. Cuesta hallarlo mediante la tecnolog\u00eda. Le agrada ser an\u00f3nimo y que su trabajo se exprese por \u00e9l. Su argumento: \u201cNo soy bueno con las c\u00e1maras ni con las palabras.\u201d Sus murales hablan en las orilladas de San Crist\u00f3bal de Las Casas, en un centro de investigaci\u00f3n, una universidad.\u00a0<a href=\"https:\/\/www.galeriamuy.org\/artistas\/dygnojoch\/\" target=\"_blank\" rel=\"noopener\">Ver m\u00e1s.<\/a><\/p>\n","protected":false},"excerpt":{"rendered":"<p>Playera blanca con estampa de Dyg\u2019nojoch.<\/p>\n","protected":false},"featured_media":3625,"template":"","meta":[],"product_brand":[],"product_cat":[35],"product_tag":[],"class_list":{"0":"post-3518","1":"product","2":"type-product","3":"status-publish","4":"has-post-thumbnail","6":"product_cat-playeras","8":"first","9":"instock","10":"taxable","11":"shipping-taxable","12":"purchasable","13":"product-type-variable","14":"has-default-attributes"},"jetpack_sharing_enabled":true,"_links":{"self":[{"href":"https:\/\/www.galeriamuy.org\/tienda\/wp-json\/wp\/v2\/product\/3518","targetHints":{"allow":["GET"]}}],"collection":[{"href":"https:\/\/www.galeriamuy.org\/tienda\/wp-json\/wp\/v2\/product"}],"about":[{"href":"https:\/\/www.galeriamuy.org\/tienda\/wp-json\/wp\/v2\/types\/product"}],"version-history":[{"count":0,"href":"https:\/\/www.galeriamuy.org\/tienda\/wp-json\/wp\/v2\/product\/3518\/revisions"}],"wp:featuredmedia":[{"embeddable":true,"href":"https:\/\/www.galeriamuy.org\/tienda\/wp-json\/wp\/v2\/media\/3625"}],"wp:attachment":[{"href":"https:\/\/www.galeriamuy.org\/tienda\/wp-json\/wp\/v2\/media?parent=3518"}],"wp:term":[{"taxonomy":"product_brand","embeddable":true,"href":"https:\/\/www.galeriamuy.org\/tienda\/wp-json\/wp\/v2\/product_brand?post=3518"},{"taxonomy":"product_cat","embeddable":true,"href":"https:\/\/www.galeriamuy.org\/tienda\/wp-json\/wp\/v2\/product_cat?post=3518"},{"taxonomy":"product_tag","embeddable":true,"href":"https:\/\/www.galeriamuy.org\/tienda\/wp-json\/wp\/v2\/product_tag?post=3518"}],"curies":[{"name":"wp","href":"https:\/\/api.w.org\/{rel}","templated":true}]}}