{"id":3629,"date":"2023-11-07T18:47:30","date_gmt":"2023-11-07T18:47:30","guid":{"rendered":"https:\/\/www.galeriamuy.org\/tienda\/?post_type=product&#038;p=3629"},"modified":"2023-11-27T23:42:47","modified_gmt":"2023-11-27T23:42:47","slug":"playera-blanca-maruch-mendez","status":"publish","type":"product","link":"https:\/\/www.galeriamuy.org\/tienda\/producto\/playera-blanca-maruch-mendez\/","title":{"rendered":"Playera Blanca | Maruch M\u00e9ndez"},"content":{"rendered":"<p>Maruch M\u00e9ndez, artista maya\/tsotsil, naci\u00f3 en K\u2019atixtik, San Juan Chamula, Chiapas, M\u00e9xico en 1957. Es autodidacta especialista en terracota, con el barro tradicional de Chamula. Quema sus piezas en un fog\u00f3n abierto en su casa. M\u00e9ndez, monoling\u00fce en tsotsil, es j\u2019ilol rezadora, curandera vidente con altos cargos religiosos en su pueblo natal. Reconocida por sus performances con rito y rezo, M\u00e9ndez ha presentado sus obras art\u00edsticas en M\u00e9xico, California, Texas y Par\u00eds.\u00a0<a href=\"https:\/\/www.galeriamuy.org\/artistas\/maruch-mendez\/\" target=\"_blank\" rel=\"noopener\">Ver m\u00e1s.<\/a><\/p>\n","protected":false},"excerpt":{"rendered":"<p>Playera blanca con estampa de Maruch M\u00e9ndez.<\/p>\n","protected":false},"featured_media":3630,"template":"","meta":[],"product_brand":[],"product_cat":[35],"product_tag":[],"class_list":{"0":"post-3629","1":"product","2":"type-product","3":"status-publish","4":"has-post-thumbnail","6":"product_cat-playeras","8":"first","9":"instock","10":"taxable","11":"shipping-taxable","12":"purchasable","13":"product-type-variable"},"jetpack_sharing_enabled":true,"_links":{"self":[{"href":"https:\/\/www.galeriamuy.org\/tienda\/wp-json\/wp\/v2\/product\/3629","targetHints":{"allow":["GET"]}}],"collection":[{"href":"https:\/\/www.galeriamuy.org\/tienda\/wp-json\/wp\/v2\/product"}],"about":[{"href":"https:\/\/www.galeriamuy.org\/tienda\/wp-json\/wp\/v2\/types\/product"}],"version-history":[{"count":0,"href":"https:\/\/www.galeriamuy.org\/tienda\/wp-json\/wp\/v2\/product\/3629\/revisions"}],"wp:featuredmedia":[{"embeddable":true,"href":"https:\/\/www.galeriamuy.org\/tienda\/wp-json\/wp\/v2\/media\/3630"}],"wp:attachment":[{"href":"https:\/\/www.galeriamuy.org\/tienda\/wp-json\/wp\/v2\/media?parent=3629"}],"wp:term":[{"taxonomy":"product_brand","embeddable":true,"href":"https:\/\/www.galeriamuy.org\/tienda\/wp-json\/wp\/v2\/product_brand?post=3629"},{"taxonomy":"product_cat","embeddable":true,"href":"https:\/\/www.galeriamuy.org\/tienda\/wp-json\/wp\/v2\/product_cat?post=3629"},{"taxonomy":"product_tag","embeddable":true,"href":"https:\/\/www.galeriamuy.org\/tienda\/wp-json\/wp\/v2\/product_tag?post=3629"}],"curies":[{"name":"wp","href":"https:\/\/api.w.org\/{rel}","templated":true}]}}