{"id":3994,"date":"2024-01-15T15:49:36","date_gmt":"2024-01-15T15:49:36","guid":{"rendered":"https:\/\/www.galeriamuy.org\/tienda\/?post_type=product&#038;p=3994"},"modified":"2024-01-15T16:35:18","modified_gmt":"2024-01-15T16:35:18","slug":"the-people-from-chilon-manuel-guzman","status":"publish","type":"product","link":"https:\/\/www.galeriamuy.org\/tienda\/en\/producto\/the-people-from-chilon-manuel-guzman\/","title":{"rendered":"The people from Chil\u00f3n | Manuel Guzm\u00e1n"},"content":{"rendered":"<p>Manuel Guzm\u00e1n, Maya\/Tseltal artist, born in Chan\u00e1, Tenejapa, Chiapas, Mexico, in 1964. As a Catholic, he paints with fervor the dreams and the mythical and historical history with a traditional vision of the people under the gaze, protection, and occasional disapproval of the saints and God himself.\u00a0<a href=\"https:\/\/www.galeriamuy.org\/en\/artists\/manuel-guzman-2\/\" target=\"_blank\" rel=\"noopener\">Learn more.<\/a><\/p>\n","protected":false},"excerpt":{"rendered":"<p>Oil on paper<br \/>\n12 x 16 cm<br \/>\n2021<\/p>\n","protected":false},"featured_media":2308,"template":"","meta":[],"product_brand":[],"product_cat":[167],"product_tag":[187],"class_list":{"0":"post-3994","1":"product","2":"type-product","3":"status-publish","4":"has-post-thumbnail","6":"product_cat-paintings","7":"product_tag-manuel-guzman","8":"product_shipping_class-cincokilo-en","9":"product_shipping_class-diezkilo-en","10":"product_shipping_class-treskilo-en","11":"product_shipping_class-unkilo-en","13":"first","14":"instock","15":"sold-individually","16":"taxable","17":"shipping-taxable","18":"purchasable","19":"product-type-simple"},"jetpack_sharing_enabled":true,"_links":{"self":[{"href":"https:\/\/www.galeriamuy.org\/tienda\/wp-json\/wp\/v2\/product\/3994","targetHints":{"allow":["GET"]}}],"collection":[{"href":"https:\/\/www.galeriamuy.org\/tienda\/wp-json\/wp\/v2\/product"}],"about":[{"href":"https:\/\/www.galeriamuy.org\/tienda\/wp-json\/wp\/v2\/types\/product"}],"version-history":[{"count":0,"href":"https:\/\/www.galeriamuy.org\/tienda\/wp-json\/wp\/v2\/product\/3994\/revisions"}],"wp:featuredmedia":[{"embeddable":true,"href":"https:\/\/www.galeriamuy.org\/tienda\/wp-json\/wp\/v2\/media\/2308"}],"wp:attachment":[{"href":"https:\/\/www.galeriamuy.org\/tienda\/wp-json\/wp\/v2\/media?parent=3994"}],"wp:term":[{"taxonomy":"product_brand","embeddable":true,"href":"https:\/\/www.galeriamuy.org\/tienda\/wp-json\/wp\/v2\/product_brand?post=3994"},{"taxonomy":"product_cat","embeddable":true,"href":"https:\/\/www.galeriamuy.org\/tienda\/wp-json\/wp\/v2\/product_cat?post=3994"},{"taxonomy":"product_tag","embeddable":true,"href":"https:\/\/www.galeriamuy.org\/tienda\/wp-json\/wp\/v2\/product_tag?post=3994"}],"curies":[{"name":"wp","href":"https:\/\/api.w.org\/{rel}","templated":true}]}}