{"id":4137,"date":"2024-01-17T19:41:12","date_gmt":"2024-01-17T19:41:12","guid":{"rendered":"https:\/\/www.galeriamuy.org\/tienda\/?post_type=product&#038;p=4137"},"modified":"2026-04-14T21:04:42","modified_gmt":"2026-04-14T21:04:42","slug":"the-heart-saul-kak","status":"publish","type":"product","link":"https:\/\/www.galeriamuy.org\/tienda\/en\/producto\/the-heart-saul-kak\/","title":{"rendered":"The heart | Sa\u00fal Kak"},"content":{"rendered":"<p>Sa\u00fal Kak, a Zoque artist, was born in Esquipulas Guayabal, Ray\u00f3n, Chiapas, Mexico in 1985. He is an artist with a multimedia practice, including performance works (as a collaborator with the EDELO collective), in cinema (co-author of \u201cLa Selva Negra\u201d), and a passionate painter, trained at the UNICACH art school in Tuxtla Guti\u00e9rrez, Chiapas.\u00a0<a href=\"https:\/\/www.galeriamuy.org\/en\/artists\/saulkak\/\" target=\"_blank\" rel=\"noopener\">Learn more.<\/a><\/p>\n","protected":false},"excerpt":{"rendered":"<p>Acrylic on canvas<br \/>\n50 x 60 cm<br \/>\n2018<\/p>\n<p><span style=\"font-weight: 400;\">\u00abFor the communities, the land is their mother who provides sustenance, it is life. The communities have been going through difficult times for a while in Mexico. There is a dispossession policy (with the agrarian program, Procede). There are communities that accepted Procede and are already suffering the consequences.\u00bb &#8211; <em>Sa\u00fal Kak<\/em><\/span><\/p>\n","protected":false},"featured_media":2231,"template":"","meta":[],"product_brand":[],"product_cat":[167],"product_tag":[197],"class_list":{"0":"post-4137","1":"product","2":"type-product","3":"status-publish","4":"has-post-thumbnail","6":"product_cat-paintings","7":"product_tag-saul-kak-en","8":"product_shipping_class-cincokilo-en","9":"product_shipping_class-diezkilo-en","10":"product_shipping_class-treskilo-en","11":"product_shipping_class-unkilo-en","13":"first","14":"instock","15":"sold-individually","16":"taxable","17":"shipping-taxable","18":"product-type-simple"},"jetpack_sharing_enabled":true,"_links":{"self":[{"href":"https:\/\/www.galeriamuy.org\/tienda\/wp-json\/wp\/v2\/product\/4137","targetHints":{"allow":["GET"]}}],"collection":[{"href":"https:\/\/www.galeriamuy.org\/tienda\/wp-json\/wp\/v2\/product"}],"about":[{"href":"https:\/\/www.galeriamuy.org\/tienda\/wp-json\/wp\/v2\/types\/product"}],"version-history":[{"count":1,"href":"https:\/\/www.galeriamuy.org\/tienda\/wp-json\/wp\/v2\/product\/4137\/revisions"}],"predecessor-version":[{"id":4564,"href":"https:\/\/www.galeriamuy.org\/tienda\/wp-json\/wp\/v2\/product\/4137\/revisions\/4564"}],"wp:featuredmedia":[{"embeddable":true,"href":"https:\/\/www.galeriamuy.org\/tienda\/wp-json\/wp\/v2\/media\/2231"}],"wp:attachment":[{"href":"https:\/\/www.galeriamuy.org\/tienda\/wp-json\/wp\/v2\/media?parent=4137"}],"wp:term":[{"taxonomy":"product_brand","embeddable":true,"href":"https:\/\/www.galeriamuy.org\/tienda\/wp-json\/wp\/v2\/product_brand?post=4137"},{"taxonomy":"product_cat","embeddable":true,"href":"https:\/\/www.galeriamuy.org\/tienda\/wp-json\/wp\/v2\/product_cat?post=4137"},{"taxonomy":"product_tag","embeddable":true,"href":"https:\/\/www.galeriamuy.org\/tienda\/wp-json\/wp\/v2\/product_tag?post=4137"}],"curies":[{"name":"wp","href":"https:\/\/api.w.org\/{rel}","templated":true}]}}